-t + 9*t - 24 = 0. Suppose 4*l - t*w = 25, 0*l + 2*l - 17 = 3*w. Suppose 0 = k - l*k + 522. What is the tens digit of k?
7
Suppose -14*z - 764 = -r - 16*z, -4*r + 3051 = 3*z. Let f = r - -484. What is the hundreds digit of f?
2
Let t = 54399 + -24668. What is the ten thousands digit of t?
2
Let r(z) = -z**3 - 20*z**2 + 20*z - 19. Let n be r(-21). What is the units digit of (630 - -14) + n*-2?
0
Let v = 91 - 96. Let l be (-2)/(1 + (-787)/785). What is the hundreds digit of (-1)/(3920/l + v)?
1
Suppose -25*t - 21960 = -454010. What is the ten thousands digit of t?
1
Suppose 4*b - c = 30331, -1509*c + 20 = -1505*c. What is the tens digit of b?
8
Let d = 19 + -18. Let j be (1/3)/(d - 2/3). What is the hundreds digit of -3 + 188/4*(4 - j)?
1
Let o(j) = 209 - 111*j - 217 - 13*j. What is the units digit of o(-4)?
8
Let j = 214 - -5642. What is the hundreds digit of j?
8
Let z = -462 - -462. Suppose 0 = 23*p - z*p - 19826. What is the tens digit of p?
6
Let t(y) = -17*y + 1. Let n(h) = -4*h. Suppose -17*j + 36 = -21*j. Let i(r) = j*n(r) + 2*t(r). What is the units digit of i(10)?
2
Let o(j) = j**3 - 4*j**2 + 17*j - 77. Let q be o(8). Suppose 12*d + q - 11307 = 0. What is the hundreds digit of d?
9
What is the units digit of 10507 + -6*5/40*-4?
0
Suppose z = 3*w - 64, 4 = -3*w + 3*z + 70. Suppose w*y - 13030 - 2027 = 0. What is the units digit of y?
7
Let p = 8 - 4. Suppose -2*k = 2*d + 18, p*d = 3*d + k - 1. What is the units digit of -2 + d/(-2) - (-63)/2?
2
Let v = 74 + -46. Suppose 4*z - 60 = v. What is the units digit of 4/(-22) - (-2974)/z?
5
Let x be (-11)/(66/(-2016)) - 0. Suppose -21*w = -25*w + x. What is the tens digit of w?
8
Suppose -35*o + 32*o + 15 = 0, 2*w - 90379 = -o. What is the hundreds digit of w?
1
Let k = 178 + 187. Let x be (-438)/k + ((-9)/5 - -1). What is the units digit of (441/(-42))/(3/x)?
7
Suppose -3*z - 1051 + 6551 = -4274. What is the units digit of z?
8
Suppose 0 = 2*d - 3*y - 2255, y = -d + 483 + 637. Suppose d = 6*i - 1565. What is the hundreds digit of i?
4
Suppose -59560 = -5*j + 2*c, -17*c = 3*j - 13*c - 35736. What is the thousands digit of j?
1
Let h(f) = 140*f**2 + 32*f + 58. What is the units digit of h(-2)?
4
Suppose 19864*a + 151956 = 19870*a. What is the thousands digit of a?
5
Suppose -633748 = -79*o + 253817. What is the ten thousands digit of o?
1
Suppose 4*m = 4*q - 362 + 1430, -2*m + 271 = -q. Let k = 63 - q. What is the hundreds digit of k?
3
Let i = 16 - 23. Let y be 0 + (i/21)/((-1)/6). Suppose -94 = -y*b - 4*n, 2*n - 83 = -4*b + 93. What is the tens digit of b?
4
Let q(t) = 10*t**2 + 539*t + 86. What is the units digit of q(30)?
6
Let c(i) = 3*i**2 - 2*i - 9. Let u be c(8). Let j = u - 76. Suppose 0 = 3*n - j - 155. What is the tens digit of n?
8
Suppose -2*u + 367 = 5*g - 94, 4*u = -2*g + 194. Suppose -937 = -2*w - g. What is the hundreds digit of w?
4
Let c = -594 - -599. Suppose 0 = c*k - 853 - 1877. What is the units digit of k?
6
Let n be (-182)/(-56) + 3/4. What is the hundreds digit of (-4 + (5 - n))/((-3)/139)?
1
Let h(c) = -365*c + 1141. What is the units digit of h(0)?
1
What is the thousands digit of 8 + 2972 + -4 - -7?
2
Suppose 5*k - 24753 = 3*f, -k - f + 3742 + 1215 = 0. What is the units digit of k?
3
Let p(d) = 8*d + 20. Let o be p(4). Suppose 52 = -3*u + o. Suppose u = -3*m + 113 + 85. What is the tens digit of m?
6
Suppose -2*u = u - 6. Let n(z) = 32*z**2 - 7*z + 7. Let x be n(u). Let r = -71 + x. What is the units digit of r?
0
Let o = -255 - -263. Let d(z) = 52*z + 50. What is the tens digit of d(o)?
6
Let g = 7698 - 3509. Suppose -6*l = -g - 2981. What is the units digit of l?
5
Let g = -2 + -13. What is the units digit of ((-5704)/(-93))/((-2)/g)?
0
Suppose -5*x - 14*x + 3*x = -364448. What is the hundreds digit of x?
7
Let q(g) = 9*g**2 - 3*g - 5. Let d be q(-5). Suppose 0 = l + 5*f - d, -3*l - 2*f + 580 = -151. What is the tens digit of l?
4
Let f be (12/(-5) - -2)/((-3)/15). Suppose 3*l = -f*g + 6, -2*g + 2*l = -0*l + 4. Suppose -13 = -j + 5*y + 23, -j - 3*y + 20 = g. What is the units digit of j?
6
Let x be 6*4/56 - (-36)/14. Let o(u) = 4*u + 128. Let b(m) = 3*m + 128. Let c(n) = x*b(n) - 2*o(n). What is the hundreds digit of c(0)?
1
Let v = 8 - 7. Let o be v + 3 + -1 - (1 + -1). What is the tens digit of 122 - (o - -4 - 4)?
1
Suppose 3*z + c + 17 = 6*z, -4*c = 20. Suppose t = 2*t - z. What is the units digit of 514/t*2 + 1?
8
Let i(m) = 7*m - 16. Let d be i(2). Let j be (-3 + 7 + -934)*d/3. Suppose 3*w - j = -4*z - 49, 3*z = -w + 432. What is the hundreds digit of z?
1
Suppose -5 - 16 = -7*b. Suppose -3*r - 13830 = 4*a, -5*a + 1863 + 11967 = -b*r. What is the units digit of r/(-70) + (-1)/(-7)?
6
Suppose -b - 19 = -5*h - 6, 5*b = 3*h - 21. Let y be b/((-111)/240 - 4/(-10)). What is the units digit of 1/8 - (-3930)/y?
2
Let p(d) = 8*d**3 + d**2 - 28*d + 23. What is the thousands digit of p(11)?
0
Let y = -42306 - -70855. What is the hundreds digit of y?
5
Let a(c) be the first derivative of 2*c**3 - 13*c - 20 + 3*c**2 - 1/4*c**4. What is the tens digit of a(6)?
2
Let a(q) = q**2 - 15*q + 37. Let t(x) = -x**2 + 18*x - 12. Let s be t(17). Let j be a(s). Let u = j - -37. What is the tens digit of u?
2
Let c(q) = q - 1. Let m(d) = 52*d - 9. Let u(t) = 6*c(t) - m(t). What is the tens digit of u(-2)?
9
Let m(x) = x - 22. Let w be m(20). What is the hundreds digit of 96075/285 - w/(-19)?
3
Let g(i) = -i**3 + 10*i**2 - 7*i + 3. Let d be g(9). Suppose -2*f = -d*f + 18050. What is the tens digit of f?
5
Suppose 277*k + 27942 = 113*k + 13154830. What is the thousands digit of k?
0
Let d = -75738 - -115345. What is the units digit of d?
7
Suppose 28*o - 121055 = 170005. Suppose -48*n = -41*n - o. What is the tens digit of n?
8
Let g(y) = -y**3 + 36*y**2 + 53*y + 34. Let u be g(32). Suppose -10*b + 2854 = -u. What is the hundreds digit of b?
8
Suppose 0 = -4*l + 1 + 15. Suppose -l*t = -1276 - 1020. What is the units digit of t?
4
Let p(h) = 3688*h**2 - 87*h + 345. What is the ten thousands digit of p(4)?
5
Let h(q) = 2223*q - 1689. What is the tens digit of h(5)?
2
Suppose -2*f = z - 54478, -3*f + 81681 = -638*z + 635*z. What is the thousands digit of f?
7
Suppose -261 = -9*h + 18. Let p = 22 - h. What is the units digit of -9*1*(-10 - p)?
9
Let z(q) = q**3 + 25*q**2 + 14*q - 34. Let l = -153 + 129. What is the hundreds digit of z(l)?
2
Let d(o) = -2*o**3 - 51*o**2 + 206*o - 211. What is the thousands digit of d(-37)?
3
Let u(n) be the first derivative of -9*n**4/4 - 4*n**3/3 - n**2/2 - 3*n + 85. What is the units digit of u(-4)?
3
Let h = -56 + -35. Let p = 94 + h. Let b(v) = 46*v + 4. What is the tens digit of b(p)?
4
Let s be (1 + (-10)/4)/((-78)/260). Suppose -3*u = -f - 2587, s*f - 1708 = -2*u + 9*f. What is the tens digit of u?
6
Let b(s) = -8*s + 168. Let p be b(20). Suppose 0*q = 6*q - 2700. What is the units digit of 1 + q/p - (-8)/(-32)?
7
Suppose -8*u + 9*u = -8. Let c be (36/u)/((-2)/4). What is the units digit of c + -5 - (0 - 104)?
8
Suppose 4*a - 3 = -3*u + 53, -4*u = 2*a - 68. Suppose 0 = -u*f + 19*f - 165. Suppose f = 2*m + 2*h + 13, -5*m - 2*h = -105. What is the tens digit of m?
2
Let s(x) = 841*x**3 - 2*x**2 + 22*x + 9. What is the tens digit of s(4)?
8
Suppose -50*o + 9*o + 632103 = -489452. What is the units digit of o?
5
Let i(o) = 213*o + 675. What is the thousands digit of i(30)?
7
Let l = 493 + -398. Suppose -100*v + l*v + 390 = 0. What is the units digit of v?
8
Let n be 6/12 + 181/2. Let p = -75 + n. Suppose 3*u = p + 170. What is the tens digit of u?
6
Let u(f) = 5*f - 4. Let k be u(-7). Let a = 52 - k. What is the tens digit of a?
9
Suppose 3*y = 4*c + 92, -c - 2*c - 4*y - 44 = 0. What is the units digit of 2 + (2/(-8) - 4285/c)?
6
Suppose -5*f = a - 17, 21*a - 18*a - 18 = -4*f. Suppose 52 + 11 = a*j - 5*m, -1 = m. What is the tens digit of j?
2
Let j(t) = -6*t**3 - 39*t**2 - 5*t - 226. What is the thousands digit of j(-15)?
1
Suppose -5*k - 119 = 2*q, 10 = -3*k + k. Let o = 49 + q. What is the units digit of o/(-6) + 7/((-84)/(-604))?
0
What is the tens digit of (3/(-12))/((-11)/280148)?
6
Let t(g) = -g**3 - 10*g**2 - 20*g + 7. Let x be t(-10). Let y = x - 69. Suppose z - 30 - 27 = 3*p, 2*z + 2*p - y = 0. What is the tens digit of z?
6
Let i = -13434